Calculate the remainder when i is divided by x.
2
Suppose 506*v = 440*v + 36630. What is the remainder when v is divided by 15?
0
Let z(o) = -5*o**2 + 4*o + 249. Let x(q) = -3*q**2 - q + 125. Let f(w) = -7*x(w) + 4*z(w). What is the remainder when f(-20) is divided by 9?
7
Suppose 5*v = 3*j - 13 - 15, 3*v = j - 12. Let d = 11 - -69. Suppose -4*x = j*x - d. What is the remainder when 53 is divided by x?
5
Let p = 3220 - 1918. What is the remainder when p is divided by 648?
6
Suppose -g - 6*a + a = -40, 5*a = 0. Let v be 6*5*g/(-12). Let o = 125 + v. What is the remainder when o is divided by 4?
1
What is the remainder when 869 is divided by 0 + -2 + (-11 - -42)?
28
What is the remainder when 1070/(-25)*(-5 - (-75)/(-10)) is divided by 68?
59
Suppose 4*m + 21 = 3*r, -10*r + 8*r + 4*m = -18. What is the remainder when 317 is divided by r?
2
Let v(r) = 71*r - 479. Let c be v(7). Calculate the remainder when 223 is divided by c + (8 + -8)/(5 - 3).
7
What is the remainder when (128/5)/(74/2405) is divided by 819?
13
Let p(n) = -2*n**3 - 16*n**2 - 2*n + 46. Calculate the remainder when p(-8) is divided by 12.
2
Suppose 0 = -5*h + 25, b - 368 - 1194 = 3*h. Calculate the remainder when b is divided by 34.
13
Let h = 51273 + -51228. Suppose -2*t + 182 = 20. What is the remainder when t is divided by h?
36
Let r = 2181 + -1834. Calculate the remainder when r is divided by 42.
11
Calculate the remainder when 19200/18 - 120/(-36) is divided by 179.
175
Let z(a) = -a - 8. Let u(p) = 23 - p - 45 + 2*p + 21. Let o(b) = -2*u(b) + z(b). Calculate the remainder when o(-19) is divided by 27.
24
Let m be (-116)/10*(-280)/8. Let y = -380 + m. What is the remainder when 205 is divided by y?
23
Let a = 24637 - 24602. What is the remainder when 452 is divided by a?
32
Let h be 14/1*(5 - 2)/3. Let b be -1*((-32)/h - 4/(-14)). Suppose b*f + 6*f - 200 = 0. What is the remainder when 70 is divided by f?
20
Suppose -3*d + 4*l + 1154 = 0, -3*d + 952 = -5*l - 204. Calculate the remainder when d is divided by 35.
32
Let o(y) = 3*y - 4*y + 50 - 13*y + 443. What is the remainder when 223 is divided by o(32)?
43
Suppose -17*v + 268 + 1320 = -860. What is the remainder when 519 is divided by v?
87
Let m(n) = n**2 + 24. Let y be m(0). Suppose -27*o = -45 - 36. Suppose -y = o*l - 81. What is the remainder when l is divided by 7?
5
Let x be (-17)/5 + ((-2)/(-5) - 0). Let v be (3 - 4) + x + 4. Let w(k) = -k**2 - 2*k + 21. What is the remainder when w(v) is divided by 8?
5
Suppose 433948 - 1728349 = -213*s. Calculate the remainder when s is divided by 26.
19
Suppose 0 = -t - 56 + 103. Suppose 5*q = -4*l + 793 - t, l = 3*q - 434. Calculate the remainder when q is divided by 15.
11
Let z = 77 - 53. Calculate the remainder when z is divided by (-6)/(-15)*8/((-112)/(-315)).
6
Suppose -3*h + 2*o + 1792 = 7*o, 5*h + 3*o = 3024. Calculate the remainder when h is divided by 12.
9
Let y be (-4)/38 + 4/(304/3580). Suppose 7 = -5*q + y. Calculate the remainder when 31 is divided by q.
7
Suppose 14*c = -0*c + 154. What is the remainder when (-1204)/(-4) - 11/(c/2) is divided by 25?
24
Let n(m) = 2*m**2 - 2*m + 13. Let t be n(5). Let x = -51 + t. Suppose 58 - 36 = x*p. Calculate the remainder when 54 is divided by p.
10
Let n(g) = -111*g - 15. Let m be n(-2). Suppose 8*j - 209 = m. What is the remainder when j is divided by 20?
12
Suppose 4*w - 44 = -5*o, -63*o = 4*w - 73*o - 104. Calculate the remainder when 36 is divided by w.
4
Let g = -51 - -54. Suppose -z - g*z + 3*b + 395 = 0, -2*z + 3*b = -199. Calculate the remainder when 31 is divided by 4/(-5) + z/10.
4
Suppose -a - 9*n + 4*n = -123, -2*n + 278 = 2*a. Calculate the remainder when 1285 is divided by a.
141
Let h = -7554 + 7593. What is the remainder when 3195 is divided by h?
36
Suppose 78*j - 106648 = -11644. Calculate the remainder when j is divided by 47.
43
Let d be -11 - (-4 - -3 - 1). Let t(k) = -k**3 - 12*k**2 - 37*k - 30. Calculate the remainder when 175 is divided by t(d).
55
Let n(p) = -2*p + 15. Let v be n(8). Calculate the remainder when 81 is divided by (12 - 17)/(v/6).
21
Suppose -4*w + 42*t + 122 = 40*t, 2*w - 103 = -5*t. What is the remainder when 1187 is divided by w?
31
Suppose 8*c - 1796 - 36 = 0. Calculate the remainder when c is divided by 120.
109
Let k(x) = -3*x**2 + 83*x - 20. Calculate the remainder when 1425 is divided by k(26).
105
Let v be 188/(-20) - (-1)/5*2. Let g = 14 + v. Suppose -3*k - 2*o = -o - 84, 0 = g*k + o - 142. What is the remainder when k is divided by 6?
5
Suppose 6*r = -2*r + 40. Suppose -4*t - 179 = -r*b, -5 + 103 = 2*b + 5*t. What is the remainder when b is divided by 27?
12
Let c = 94 - 7. Suppose -4*x + c = -37. What is the remainder when 85 is divided by x?
23
Calculate the remainder when 13/(390/(-100))*(126/(-5) - 0) is divided by 22.
18
What is the remainder when 366 + -1 + (-36)/60 - 24/(-40) is divided by 47?
36
Let m(s) = s**2 - 48*s - 481. What is the remainder when 5243 is divided by m(57)?
27
Calculate the remainder when (10778/136)/((-3)/(-12)) is divided by 29.
27
Suppose r + 5*n = 1, 3*r + 3*n - n - 16 = 0. Suppose 2*w + i + 19 = 0, 5*w + 6*i - 2*i + 46 = 0. Calculate the remainder when r is divided by w + 6 - 0 - -6.
0
Suppose 10*m - 3*m + 84 = 0. Let x be (-1)/(-3) - (320/m - -2). Let p = x + 36. What is the remainder when p is divided by 16?
13
Suppose 0 = 20*v - 14*v - 12. Suppose 2*h = u + 269, -677 = -4*h - h - v*u. Suppose 14*q - 47 = h. Calculate the remainder when 23 is divided by q.
10
Let a be 914/12 - 27/162. Let x = 132 - 193. Let b = a + x. Calculate the remainder when b is divided by 9.
6
Suppose 6897 + 11094 = 3*b. Calculate the remainder when b is divided by 19.
12
Let p(z) = -2*z**2 - 126*z - 769. What is the remainder when 387 is divided by p(-56)?
12
Let g(n) = 25*n**2 - 107*n - 690. Calculate the remainder when g(-6) is divided by 24.
12
Suppose -4*d + 136*p = 135*p - 78, 0 = -d + 2*p + 9. What is the remainder when 11225 is divided by d?
11
Suppose 0 = 4*w + 5 - 37. Let i(l) = 86*l**2 - 91*l**2 + w*l - l + 0*l**3 + 6*l**3 - 4. Calculate the remainder when i(2) is divided by 20.
18
Suppose 140*o = 274*o - 145*o + 44. Calculate the remainder when 1745 is divided by o.
1
Let m(l) = -3*l**2 + 33*l + 9. Let p be m(8). Suppose -5*k = 2*o - p + 16, -52 = -4*k + 2*o. What is the remainder when k is divided by 5?
3
Let p = -3 + 17. Suppose -2*t = 5*h + 3*t + 2430, 5*t - 2400 = 5*h. Let a = 488 + h. Calculate the remainder when p is divided by a.
4
Suppose -214109 - 226591 = -100*l. What is the remainder when l is divided by 98?
95
Suppose 253 = 42*d - 251. Let u(f) = 2*f**2 + 14*f + 7. What is the remainder when d is divided by u(-7)?
5
Let u(f) = -f**2 + 14*f - 11. Let s be u(7). Suppose 2*m + 3*x = 117, m - 23 = -2*x + s. What is the remainder when m is divided by 32?
19
Let g be 4/(-6)*(-14 - 1). Suppose 17*h - g*h - 112 = 0. Calculate the remainder when h is divided by 6.
4
Let b(p) = -34*p - 32. What is the remainder when (-2)/(-12) + (-1678)/(-12) is divided by b(-2)?
32
Let a be (4 + 13/(-3))/(2/(-1914)). Let d(y) = -162 + 8*y + a - 155. What is the remainder when d(13) is divided by 29?
19
Let o be ((-25)/4)/(1/(-4)). Suppose -118*f + 240*f - 36 = 113*f. Suppose -88 = -f*r - 4*w, r = 2*r + 2*w - o. What is the remainder when r is divided by 5?
4
Let x(k) = 197*k + 2007. Let w = 170 - 24. What is the remainder when w is divided by x(-10)?
35
Let b be 0/((-3)/(6/4)). Suppose 2*x - d - 49 = b, 4*d - 91 = -5*x + 51. What is the remainder when 25942/170 + 2/5 is divided by x?
23
Let i be (-63)/(-105) - (561/(-15) - 1). Suppose -20*g = -i*g + 266. Calculate the remainder when 64 is divided by g.
8
Suppose -660 = 114*u - 3168. What is the remainder when 1384 is divided by u?
20
Let i(u) = -2*u**2 - 61*u + 54. Calculate the remainder when i(-19) is divided by 167.
157
Suppose 0 = -x - 15 + 68. Let u(y) = -1380*y + 46939. What is the remainder when x is divided by u(34)?
15
Suppose -83*n - 1094 = -84*n. Calculate the remainder when n is divided by 73.
72
Let s = -24 - -86. Let x = 19046 + -19028. Calculate the remainder when s is divided by x.
8
Suppose 0 = z - 34 - 5. What is the remainder when 121 - 13/((-39)/(-36)) is divided by z?
31
Let y(c) = c**3 - 6*c**